*d - a = -7*d + 3*u, 10 = d + 2*u. Calculate the greatest common divisor of d and 56.
8
Suppose -18 = y - 4*y. Let h be ((-94)/y)/((-2)/(-6)). Let i = 101 + h. What is the greatest common divisor of i and 36?
18
Suppose 2*s + 4 = 14. Suppose -5*d + 23 = k, -2 = -3*d - 2*k + 9. Calculate the highest common factor of d and s.
5
Let k be (-3)/5 + 10336/85. Suppose 5*s = 2*s + 33. Calculate the greatest common factor of s and k.
11
Let a(l) = 12*l - 58. Let q be a(5). What is the highest common divisor of 28 and q?
2
Let g be 7/(-14) - 25/(-2). Let t(u) = u**2 - u + 2180. Let h be t(0). Let s be 4/26 - h/(-26). Calculate the highest common factor of s and g.
12
Let x = -4 - -32. Let t = x - 14. What is the greatest common divisor of 2 and t?
2
Let i be -22*(5/2 + -3). What is the greatest common divisor of i and 11?
11
Suppose u - 31 = -f, f - 152 = -4*f - 2*u. Calculate the greatest common factor of 30 and f.
30
Let g be ((-9)/6)/(2/(-4)). Suppose 5*s - 43 = -h - 15, -30 = -g*s - 5*h. What is the greatest common divisor of s and 5?
5
Let i be -1*(-8 + (-7 - (-2 + -2))). What is the highest common factor of i and 187?
11
Suppose 20 = 5*n + a, 3*n - 12 = -0*n - 2*a. Suppose 0 = 6*h - 16*h + 360. What is the highest common divisor of n and h?
4
Suppose 0 = -61*k + 56*k + 95. Calculate the highest common divisor of k and 57.
19
Suppose 12 + 6 = 2*a. Suppose -2*f = -5*f + 27. Let n be (f/(-4))/((-2)/88). Calculate the highest common factor of a and n.
9
Let o(x) = 9*x + 4. Let w be o(2). Calculate the highest common factor of w and 55.
11
Let s(r) = -6*r**2 + 3*r + 2. Let c be s(-2). Let f be (2 - c/(-5))*-5. Let g be 4 - (-70)/(4 - -1). Calculate the highest common divisor of g and f.
18
Let c be 6/2 + -1 - 0. Let b be (24/20)/(c/10). What is the greatest common divisor of b and 24?
6
Let m = 7 - 2. Suppose 3*r - 5*w = 150, m*r = -5*w + 242 - 32. Calculate the greatest common divisor of r and 15.
15
Let v(f) = -f**3 + f**2 + 8*f - 2. Let m be v(3). What is the greatest common divisor of 6 and m?
2
Let p(w) = 5*w - 3. Let k be p(2). Suppose k + 12 = u. Let c be (u/(-2))/((-4)/24). What is the greatest common factor of 38 and c?
19
Let m be 2/((-4)/6*-1). Let c(f) = f**2 + 3*f + 2. Let s be c(m). What is the highest common divisor of s and 220?
20
Let n = -42 - -53. Calculate the greatest common factor of 77 and n.
11
Let o be (21 + (1 - 2))*(-54)/(-8). Let c(u) = 2*u + 3. Let g be c(6). Calculate the greatest common divisor of g and o.
15
Let u(p) be the first derivative of p**4/4 + 2*p**3 - 5*p**2/2 - 9. Let i be u(-6). Calculate the highest common factor of 6 and i.
6
Suppose -2 = 3*n - 23. Let o be 56*(0 - (-6)/n). Let j = 14 - -2. Calculate the greatest common factor of o and j.
16
Let y(p) = -2*p - 19. Let z be y(-13). Calculate the greatest common factor of 77 and z.
7
Let o(q) = 11*q - 4. Let s be o(3). Let i = 74 - s. Suppose 5*r = z + 89, 4*r - 76 = -4*z - 0. Calculate the greatest common divisor of r and i.
9
Suppose n = -w - w + 88, -3*n - 2*w + 248 = 0. Let j = -28 + n. Suppose 2*z + 72 = 4*l + 6*z, -4*l + j = -z. What is the highest common divisor of l and 14?
14
Let d be (-10)/25*(-1 - 124). Suppose 14 = -3*h + d. Calculate the highest common factor of h and 12.
12
Let m(b) = b**2 + 6*b - 7. Let a be m(-14). What is the greatest common divisor of a and 15?
15
Let z(y) = y**3 + 7*y**2 - 3*y - 3. Let c be z(-7). Suppose -c = -n - n. What is the highest common factor of 1 and n?
1
Suppose 3*g = 3*l + 366, 10*g = 5*g - 2*l + 596. Calculate the greatest common divisor of g and 48.
24
Let r = 3 - -7. Let n = 11 - -59. Calculate the highest common divisor of r and n.
10
Suppose w - 2*m = 2*w - 99, -5*w - 3*m + 495 = 0. Let g(v) = -2 - 3 + 0 + 3*v + v. Let s be g(4). What is the highest common divisor of s and w?
11
Let z = 226 + -135. Let d(b) = b + 1. Let l be d(4). Suppose 4*j = -0*k - 4*k + 52, -65 = -l*k - 2*j. Calculate the highest common divisor of k and z.
13
Suppose -2*m + 0*m = 0. Let f be 246/21 - (-2)/7. Suppose j + a - 9 = 0, 4*j - 3*a - f + 4 = m. Calculate the greatest common factor of 15 and j.
5
Let m = 91 - 43. Calculate the highest common factor of m and 16.
16
Let d = 117 - 107. Calculate the highest common factor of 110 and d.
10
Suppose 159 = 5*v - 111. Let n be 94/(-14) - (-4)/(-14). Let b(c) = c**2 + 6*c + 2. Let a be b(n). What is the highest common divisor of v and a?
9
Let i(p) be the third derivative of p**5/60 + p**3 + 2*p**2. Let y be i(-8). What is the highest common divisor of y and 10?
10
Let n(b) = 27*b + 1. Let c be n(2). Calculate the greatest common factor of 22 and c.
11
Suppose -26 - 25 = -3*s + 4*o, 0 = -4*o - 12. Let z(f) = f**2 - 5*f. Let q be z(6). Let x be -2*39/q*-7. Calculate the highest common divisor of x and s.
13
Let t = 7 - 3. Suppose 3*f - t*f = -206. Suppose 3*l - 91 = f. What is the greatest common factor of l and 11?
11
Suppose -5*w - 9 - 3 = 2*h, 4*h = -4. Let z be 4 + 40/(-2 - -1). Let c be (3 - 1)/(w/z). What is the highest common divisor of c and 4?
4
Let z(u) = 9*u**2 - u. Suppose -7*a - 15 = -2*a. Let h be z(a). Suppose 0 = -4*w - 9 + 57. What is the highest common factor of h and w?
12
Let y be 0 - (-52 + (-1 - -2)). What is the highest common divisor of y and 17?
17
Suppose 18 = 2*f - 14. Calculate the greatest common divisor of f and 16.
16
Let j = -20 - -14. Let d = 9 + j. What is the greatest common divisor of 3 and d?
3
Let k be -6*(3 + (-180)/8 - 0). What is the highest common divisor of k and 9?
9
Let y(o) = 2*o + 1. Let s be y(4). Suppose 5*j + 6 = -4. Let q = 8 + j. Calculate the greatest common factor of s and q.
3
Let i(u) = u**2 + 6 + 4*u + 4 - 4. Let t be i(-4). Suppose -x = -4*x + 18. What is the highest common factor of x and t?
6
Suppose 5*f = 3*f + 10. Let v = f - 5. Suppose -q - 3*q + 52 = v. Calculate the greatest common factor of q and 13.
13
Suppose 0 = y - 3*b - 12, y - 5*y - 3*b + 108 = 0. Let w be (4/((-12)/(-39)))/1. Suppose -w = -4*z + 19. What is the highest common divisor of y and z?
8
Suppose c + 45 = 4*c. What is the greatest common factor of c and 60?
15
Let j = 12 - 7. Let k be ((-25)/15)/((-1)/3). Calculate the highest common divisor of k and j.
5
Let s(d) = 4*d - 4 + 2*d + 3*d**2 + 0*d - 2*d**2. Let w be s(-5). Let i be 3*(168/w)/(-4). What is the highest common divisor of i and 56?
14
Let j = 24 - 20. Suppose -4*o - j*s + 68 = 0, 105 = 5*o - 0*o + s. Calculate the highest common divisor of o and 176.
22
Suppose 0 = -z - 3*v + 45, 0 = -5*v + 2*v. Let t = 4 + -7. Let l be (-87)/(-18) - t/18. What is the greatest common divisor of z and l?
5
Let x = 43 + -125. Let m = x + 126. Let u be 1*(-1)/(-2)*22. Calculate the highest common factor of m and u.
11
Let z = -29 + 41. Suppose -y + 42 = 3*s, 0 = -4*s + 2*y + 59 + 7. Suppose -2*k = s - 63. Calculate the highest common divisor of k and z.
12
Let h be 6 + (-4)/(4/3). Let v(i) = i**2 - i - 2. Let a be v(h). Let r be (20/(-6))/(6/(-36)). Calculate the greatest common factor of r and a.
4
Suppose 2*f - 2*i - 54 = 0, -i + 3 = -0. What is the highest common divisor of f and 75?
15
Let g(n) = n**2 + 9*n + 10. Let w be g(-7). Let b = w - -14. Let a be 20/8*8/b. Calculate the greatest common factor of 22 and a.
2
Let b = 1 - -26. What is the greatest common factor of b and 243?
27
Let m be 18/8 + 2/(-8). Suppose a + 2 = 2*h + 4, 3*h - 32 = -m*a. Let s be (0 + -1)/(11/(-990)). What is the highest common divisor of a and s?
10
Suppose 2*o - c + 57 = 3*o, 3*c = -o + 49. Suppose 2*g + 20 = b, 0 = 5*b - 2*g + 5*g - o. What is the greatest common factor of 98 and b?
14
Let m be -1*2 + 166/2. Let z be 10/4*(-342)/(-15). Let c = m - z. Calculate the greatest common divisor of c and 12.
12
Let j be -1 + (0 + -1 - -26). Let h(q) = -9*q**2 + 0*q**3 + 7*q - 2*q**3 + 3*q**3 + 2*q**2. Let p be h(6). What is the greatest common factor of j and p?
6
Let o = -23 + 61. Suppose 2*t - o - 2 = 0. Suppose -240 = 8*c - 12*c. Calculate the highest common divisor of c and t.
20
Let s(h) = h**3 - 8*h**2 + 6. Let f be s(8). Calculate the greatest common divisor of f and 4.
2
Suppose 11*p = 7*p + 124. Calculate the highest common factor of p and 93.
31
Let x(p) = 9*p**2 - 3*p. Let y be x(-3). Let z(i) = i**2 - 4*i + 9. Let c be z(7). Ca